+ 4*o = 22. What are the prime factors of n?
11
What are the prime factors of (-4 - 1)/(1*3/(-57))?
5, 19
Let m(r) = -33*r + 22. List the prime factors of m(-4).
2, 7, 11
Let i be (-42)/(-10) + (-3)/15. Suppose s = -i*s + h + 58, -s = -h - 10. List the prime factors of 8/s + 37/3.
13
Let v = 495 - 238. List the prime factors of v.
257
Let t = 18 - -1. What are the prime factors of t?
19
Let a be 0*-2*1/(-4). Suppose 2*c + q - 11 = -a*q, q = -3*c + 19. Suppose -c - 4 = -4*l. What are the prime factors of l?
3
Let n be 5 - ((0 - -2) + -4). Suppose 3*t - n = 2. Suppose t = -q, -2*y + 0*q - 2*q = -10. What are the prime factors of y?
2
Let m be 2/(-3) - (-4)/6. Let c = 13 + -8. Suppose m*d + 74 = 5*g - 3*d, 0 = c*g + 3*d - 56. What are the prime factors of g?
13
Let y = 4 + 1. Suppose -2*p = -4*n + 52, y*p + 0*n + 119 = -n. Let q = p - -37. What are the prime factors of q?
13
Let c be (-18)/(3/(-1)) - 2. Suppose 5*p + 0*p = -4*x - 13, 0 = -c*p - 4*x - 12. Let y = 4 - p. What are the prime factors of y?
5
Let w = 15 - 21. What are the prime factors of ((-18)/(-15))/(w/(-100))?
2, 5
Let g be 3 - (308 + 2 + -3). What are the prime factors of 8/28 - g/14?
2, 11
Suppose 0 = 4*n, -n + 6 = u + 2*u. Suppose 4*r - u*r - 72 = 0. What are the prime factors of r?
2, 3
Suppose 0 = 4*n - h - 643, 0 = 5*n - 8*n + 2*h + 476. What are the prime factors of n?
2, 3
Suppose 2*d + 796 = 3*b - 102, -b + d + 301 = 0. Suppose -3*h - 119 = -b. What are the prime factors of h?
59
Let s(z) be the second derivative of -z**5/20 - z**4/12 - 2*z**3/3 - 2*z**2 + 3*z. List the prime factors of s(-3).
2, 13
Let z(r) be the third derivative of r**6/120 + r**5/60 - r**4/24 + r**3/3 + 5*r**2. What are the prime factors of z(0)?
2
Suppose 3*c = -5*h + 7, h + c - 4 = -3. Suppose 10 = 3*l + 2*x, 2*x = 4*l - h*x. Let k = 10 - l. List the prime factors of k.
2
What are the prime factors of -1 - -3 - 33/(-3)?
13
List the prime factors of -3 + (2 - 3) - -190.
2, 3, 31
Suppose i + 31 + 13 = 0. List the prime factors of (i*2/(-4))/2.
11
Suppose 0*q - 185 = -5*h - 5*q, -h + 4*q = -32. Suppose 0 = 2*s + s - h. List the prime factors of s.
2, 3
Let k(c) = 2 - c - 2*c**2 - 1 + 0*c**2. Let w be k(-2). Let p = w + 9. What are the prime factors of p?
2
Let s be (-1 + 0 + 1)/(-2). Suppose 0 = u - s - 15. Suppose -3*m = -8*m + u. List the prime factors of m.
3
Suppose -4*k - r + 15 = 0, k - r = 3*r + 8. Suppose k*x - 10 - 42 = 0. List the prime factors of x.
13
Suppose -3*r + 23 + 36 = o, 0 = 4*r + 4*o - 76. What are the prime factors of r?
2, 5
Suppose -3*i = -0*i + 9. Let l = i + 7. What are the prime factors of l?
2
Let n(a) be the first derivative of a**2/2 + 4*a + 1. What are the prime factors of n(7)?
11
Let s = 3 - 33. Let i be (-1)/(-2 + s/(-14)). What are the prime factors of (-2)/i - 122/(-14)?
3
Let y(h) = 6*h**2 + 2*h - 3. List the prime factors of y(4).
101
List the prime factors of (44/(-5))/(3*(-14)/1365).
2, 11, 13
Let l(b) = -b**3 - b + 18. Let y be l(0). Suppose c = -c + y. List the prime factors of c.
3
Let z(a) = -125*a**3 - 3*a**2 - 2*a. What are the prime factors of z(-1)?
2, 31
Let s = -157 - -235. List the prime factors of s.
2, 3, 13
Let t be -9*((3 - 0) + -4). Suppose 2*w - 4 = 2*o, w - 1 - t = -3*o. What are the prime factors of o?
2
Let s be (8/6)/(1/(-3)). Let q(v) = v**3 + 6*v**2 + 6*v. Let b be q(s). What are the prime factors of b + 0 + -2 + 1?
7
List the prime factors of ((208/3)/2)/(14/42).
2, 13
Suppose r + m = 5, 8 = 2*r - r + 2*m. What are the prime factors of ((-1)/r)/(2/(-124))?
31
Let r(t) = 7*t**2 + 2*t - 2. What are the prime factors of r(1)?
7
Suppose -2*h + 4*h = 4. Let t be 0*h*(-3)/(-6). Suppose 3*p - 5*c = 0, 5*p + 5*c - 20 - 20 = t. List the prime factors of p.
5
Let h be (-11)/(-5) - 4/20. Suppose 4*w = 5*a - 166, h*a = 5*a - 2*w - 98. Let n = -19 + a. What are the prime factors of n?
11
Let r be 2*2*(-39)/12. Let w = 24 + r. Let b = 19 - w. List the prime factors of b.
2
Suppose 0 = 9*g - g - 1744. What are the prime factors of g?
2, 109
List the prime factors of (-66)/(-2 - (2 + -3)).
2, 3, 11
Let p(z) = -z**2 + 8*z - 8. Let l be p(7). Let t be -1*(6 - (l + 2)). List the prime factors of t*(1 - (-7)/(-5)).
2
Let h = 4 - 3. Suppose -3 - h = -v. Suppose y + v = 16. List the prime factors of y.
2, 3
Suppose 3*u + 176 = 5*j, 0*u = -4*j - u + 151. Let v = j - 26. List the prime factors of v.
11
Let j(f) = -f**2 - 11*f - 7. Let b(q) = 9*q - 1. Let t be b(-1). Let a be j(t). Suppose -a - 11 = -2*o. What are the prime factors of o?
7
Suppose -5*a + 3*a = 22. Let d = 8 + a. Let u = 6 + d. What are the prime factors of u?
3
Let z(j) = j**3 - 7*j**2 + 4*j + 1. Let a be z(3). Let c = 4 - a. What are the prime factors of c?
3
Suppose -400 = -5*d - 0*d. What are the prime factors of d?
2, 5
Let h(y) = -2 - 2*y**3 - 5*y + 4*y**3 + 3*y**2 - y**3 - 9*y**2. What are the prime factors of h(7)?
2, 3
Suppose 12 + 7 = 5*d - 3*b, 2*d = -4*b - 8. Let w(s) = 6 + d*s + 2*s - 3*s - 2*s. List the prime factors of w(-8).
2, 7
Suppose 2*i = -8, 9 = 5*x - 5*i - 31. Let m be 60/9 + x/(-6). Let t = m - 1. List the prime factors of t.
5
Let z = 26 - 36. Let g(i) = -i**3 - 10*i**2 - 3*i - 1. What are the prime factors of g(z)?
29
Let b(a) = 5*a - 1. Let p be b(-1). Let c(h) be the second derivative of -h**3/3 - 3*h**2/2 + 18*h. List the prime factors of c(p).
3
Suppose 0*a + 6*a - 270 = 0. What are the prime factors of a?
3, 5
Suppose 0*k = -6*k + 612. What are the prime factors of k?
2, 3, 17
Let t = -23 + 83. Let b(i) = -18*i - 2. Let z be b(-3). Suppose l - 6*l + 3*q + z = 0, -5*l + t = -5*q. List the prime factors of l.
2
Let g be 30 - (-1)/((-3)/(-3)). Suppose -g = -o - 0*o. List the prime factors of o.
31
Let g be 17 - (2 - 2)/1. Let a = -8 + g. What are the prime factors of a?
3
Suppose -4*q + 80 = 28. What are the prime factors of q?
13
What are the prime factors of (-588)/(-18)*-6*1/(-2)?
2, 7
Suppose 4*i - 268 - 64 = 0. List the prime factors of i.
83
Suppose 40 = 5*g - 4*v, v = g - 4 - 5. What are the prime factors of g?
2
Suppose z - 56 = -8. What are the prime factors of z?
2, 3
Suppose 3*x = 5*s + 409, -2*x + 0*s + 294 = 2*s. List the prime factors of x.
11, 13
Let l be 1/(-2)*0 - -3. Suppose l*h - t + 2*t = 18, -2*h + 16 = 2*t. What are the prime factors of h?
5
Let m(r) be the second derivative of r**4/4 + r**3/2 - 3*r**2/2 + 3*r. What are the prime factors of m(-3)?
3, 5
Let d be (-3 + 5)*(-6)/(-4). Suppose 4*i - 57 = d*i + s, 69 = i - 5*s. What are the prime factors of i?
2, 3
Suppose 0 = -5*k - 1 + 16. Suppose 3 = -2*a - k, 0 = -3*x + 2*a + 18. Suppose x*b - 1 - 31 = 0. What are the prime factors of b?
2
Let d be -1*4/8*16. Let x = d + 24. What are the prime factors of x?
2
Let t(i) = 5 - 4*i - 4 - 1. List the prime factors of t(-2).
2
Let o(p) = -p**2 + 7*p + 8. Let t be o(8). Suppose -y - 3 = -t*y, -29 = -4*g - y. What are the prime factors of g?
2
What are the prime factors of -6 + (-93)/(-15) + 94/5?
19
Suppose 5 = -4*w - 5*g, 1 = 5*w - 2*g - 1. Suppose w = -4*v + 54 + 18. List the prime factors of v.
2, 3
Suppose -10 = -5*a + 5. Suppose -7 = 2*f - l, -5*l = -2*f - 0 - a. Let r = f + 7. What are the prime factors of r?
3
Let c(u) = -7*u**2 + 4*u + 2 + u + 2 + u**3. Let m be c(5). Let l = -12 - m. What are the prime factors of l?
3
Let u = 13 + -8. Let l = u - 2. What are the prime factors of l?
3
Let a be 12/(-2 - -4)*1. Suppose -6 = 3*m + y, 5 + 4 = -2*m + y. Let g = a + m. List the prime factors of g.
3
Suppose 0 = -4*z + 6*z - 468. List the prime factors of z.
2, 3, 13
Let n(i) = 42*i**2 + 2*i + 3. List the prime factors of n(-1).
43
Let j = -36 - -61. What are the prime factors of j?
5
Let h(u) = -u**2 - 2*u + u + 4 - 3. Let o be h(0). Let s = o - -9. What are the prime factors of s?
2, 5
Let x(n) = -n**3 + 4*n**2 + 3*n - 6. Let o be x(4). List the prime factors of 7 + -4*(-3)/o.
3
Suppose 0 = -2*r - 5*u, -2*r + 0*u + 5*u + 20 = 0. Suppose -r = -2*m - 1. List the prime factors of (-46)/(-14) + m/(-7).
3
Let n be (-9)/2*16/(-12). Let s = -1 - n. List the prime factors of 2/s + (-111)/(-21).
5
Let i = 3 + -7. Let p(g) = -2*g - 5. Let q be p(i). Let t(r) = 2*r**2 - 4*r + 2. List the prime factors of t(q).
2
Let z(o) = o**2 - 3*o - 6. List the prime factors 